rs of 6820930?
2, 5, 31, 22003
List the prime factors of 202932.
2, 3, 1879
What are the prime factors of 1794930?
2, 3, 5, 19, 47, 67
List the prime factors of 29182233.
3, 19, 37, 101, 137
List the prime factors of 27792699.
3, 11, 842203
List the prime factors of 5361086.
2, 17, 157679
List the prime factors of 155854.
2, 149, 523
List the prime factors of 263262.
2, 3, 17, 29, 89
List the prime factors of 4613465.
5, 29, 31817
What are the prime factors of 415542?
2, 3, 69257
List the prime factors of 1007443.
103, 9781
What are the prime factors of 959134?
2, 11, 43597
List the prime factors of 34923.
3, 7, 1663
List the prime factors of 2219564.
2, 554891
List the prime factors of 204288.
2, 3, 7, 19
What are the prime factors of 38821?
38821
List the prime factors of 3753398.
2, 11, 170609
List the prime factors of 11528507.
53, 217519
List the prime factors of 127320.
2, 3, 5, 1061
What are the prime factors of 2833407?
3, 17, 6173
What are the prime factors of 3675920?
2, 5, 45949
What are the prime factors of 2176275?
3, 5, 29017
What are the prime factors of 836435?
5, 131, 1277
What are the prime factors of 8882710?
2, 5, 888271
What are the prime factors of 485067?
3, 11, 14699
What are the prime factors of 1168197?
3, 389399
List the prime factors of 61742.
2, 30871
What are the prime factors of 219078?
2, 3, 4057
List the prime factors of 124001.
124001
What are the prime factors of 2155802?
2, 11, 29, 31, 109
What are the prime factors of 2538544?
2, 29, 5471
What are the prime factors of 8928868?
2, 13, 29, 31, 191
What are the prime factors of 513084?
2, 3, 11, 13, 23
List the prime factors of 4754666.
2, 7, 29, 239
List the prime factors of 1679605.
5, 283, 1187
What are the prime factors of 76812?
2, 3, 37, 173
What are the prime factors of 514811?
11, 17, 2753
List the prime factors of 435127.
7, 11, 5651
What are the prime factors of 15928132?
2, 11, 362003
List the prime factors of 4886.
2, 7, 349
List the prime factors of 6688815.
3, 5, 7, 63703
List the prime factors of 95950.
2, 5, 19, 101
What are the prime factors of 1627602?
2, 3, 61, 4447
List the prime factors of 1001337.
3, 333779
What are the prime factors of 3397458?
2, 3, 113, 5011
What are the prime factors of 70696?
2, 8837
List the prime factors of 288833.
288833
List the prime factors of 1413413.
1413413
List the prime factors of 4221275.
5, 168851
List the prime factors of 10895107.
10895107
List the prime factors of 100682.
2, 50341
List the prime factors of 2922981.
3, 863, 1129
List the prime factors of 13248524.
2, 191, 17341
What are the prime factors of 225954?
2, 3, 12553
List the prime factors of 1415843.
11, 13, 9901
List the prime factors of 5850804.
2, 3, 73, 6679
List the prime factors of 304549.
7, 139, 313
What are the prime factors of 3526307?
3526307
List the prime factors of 5024808.
2, 3, 43, 541
List the prime factors of 9919077.
3, 7, 331, 1427
List the prime factors of 1964608.
2, 30697
What are the prime factors of 1234457?
7, 59, 61
What are the prime factors of 70429?
70429
List the prime factors of 641661.
3, 213887
List the prime factors of 146071.
43, 79
What are the prime factors of 2532865?
5, 506573
What are the prime factors of 179077?
131, 1367
List the prime factors of 348791.
89, 3919
List the prime factors of 868581.
3, 7, 17, 811
List the prime factors of 69549.
3, 97, 239
What are the prime factors of 3913135?
5, 67, 11681
What are the prime factors of 1887790?
2, 5, 188779
What are the prime factors of 78197?
7, 11171
What are the prime factors of 475214?
2, 237607
List the prime factors of 14868985.
5, 79, 37643
What are the prime factors of 1587162?
2, 3, 264527
What are the prime factors of 9406877?
359, 26203
What are the prime factors of 7593597?
3, 11, 19, 367
List the prime factors of 1661538.
2, 3, 31, 8933
List the prime factors of 2329950.
2, 3, 5, 7, 317
List the prime factors of 1128924.
2, 3, 10453
What are the prime factors of 617614?
2, 19, 16253
List the prime factors of 6623.
37, 179
List the prime factors of 2584060.
2, 5, 47, 2749
List the prime factors of 65708.
2, 16427
List the prime factors of 439238.
2, 219619
List the prime factors of 3189699.
3, 53, 743
List the prime factors of 9734762.
2, 647, 7523
What are the prime factors of 492932?
2, 11, 17, 659
What are the prime factors of 514429?
514429
List the prime factors of 4286725.
5, 171469
What are the prime factors of 25258293?
3, 269, 10433
List the prime factors of 5884303.
29, 202907
What are the prime factors of 6660508?
2, 439, 3793
What are the prime factors of 3341432?
2, 223, 1873
List the prime factors of 2163887.
11, 196717
What are the prime factors of 3699911?
1601, 2311
List the prime factors of 10950830.
2, 5, 11, 113, 881
List the prime factors of 6760261.
6760261
List the prime factors of 246513.
3, 82171
List the prime factors of 449807.
449807
What are the prime factors of 3216638?
2, 17, 89, 1063
What are the prime factors of 4079154?
2, 3, 679859
What are the prime factors of 11450?
2, 5, 229
What are the prime factors of 1253?
7, 179
What are the prime factors of 641051?
641051
What are the prime factors of 19910805?
3, 5, 1327387
What are the prime factors of 1581567?
3, 13, 107, 379
What are the prime factors of 699394?
2, 349697
List the prime factors of 9768210.
2, 3, 5, 325607
What are the prime factors of 3012322?
2, 43, 35027
List the prime factors of 340860.
2, 3, 5, 13, 19, 23
What are the prime factors of 1659506?
2, 17, 48809
What are the prime factors of 7863649?
179, 197, 223
List the prime factors of 1039303.
139, 7477
What are the prime factors of 9646594?
2, 4823297
List the prime factors of 931183.
11, 84653
List the prime factors of 3479171.
59, 109, 541
List the prime factors of 400725.
3, 5, 13, 137
List the prime factors of 1888122.
2, 3, 17, 107, 173
What are the prime factors of 5928179?
829, 7151
What are the prime factors of 23072847?
3, 7, 1098707
What are the prime factors of 250210?
2, 5, 131, 191
List the prime factors of 31523.
29, 1087
What are the prime factors of 769825?
5, 7, 53, 83
List the prime factors of 261661.
53, 4937
List the prime factors of 423300.
2, 3, 5, 17, 83
What are the prime factors of 290522?
2, 29, 5009
What are the prime factors of 2031797?
23, 88339
List the prime factors of 267545.
5, 73, 733
What are the prime factors of 790746?
2, 3, 11, 11981
List the prime factors of 9850642.
2, 4925321
What are the prime factors of 6428355?
3, 5, 428557
List the prime factors of 5498073.
3, 7, 197, 443
List the prime factors of 2588322.
2, 3, 11, 39217
List the prime factors of 5343813.
3, 21991
List the prime factors of 11549938.
2, 431, 13399
What are the prime factors of 15871778?
2, 13, 17, 149, 241
List the prime factors of 1212072.
2, 3, 50503
List the prime factors of 298017.
3, 33113
What are the prime factors of 11627102?
2, 37, 71, 2213
List the prime factors of 4241362.
2, 1171, 1811
List the prime factors of 265866.
2, 3, 73, 607
List the prime factors of 24474056.
2, 3059257
List the prime factors of 240845.
5, 11, 29, 151
What are the prime factors of 4172892?
2, 3, 43, 8087
List the prime factors of 4611224.
2, 19, 23, 1319
List the prime factors of 17161782.
2, 3, 11, 67, 3881
List the prime factors of 1052110.
2, 5, 105211
List the prime factors of 15975457.
127, 125791
List the prime factors of 6183657.
3, 687073
What are the prime factors of 254311?
23, 11057
List the prime factors of 487316.
2, 29, 4201
What are the prime factors of 360942?
2, 3, 43, 1399
What are the prime factors of 699941?
11, 17, 19, 197
List the prime factors of 248335.
5, 49667
What are the prime factors of 105659?
19, 67, 83
What are the prime factors of 8656913?
19, 455627
What are the prime factors of 1632078?
2, 3, 7, 12953
List the prime factors of 22532105.
5, 757, 5953
What are the prime factors of 388634?
2, 43, 4519
What are the prime factors of 20301369?
3, 11, 59, 10427
List the prime factors of 301646.
2, 47, 3209
List the prime factors of 725091.
3, 263, 919
What are the prime factors of 3647725?
5, 53, 2753
List the prime factors of 268429.
7, 31, 1237
List the prime factors of 437244.
2, 3, 83, 439
List the prime factors of 47444.
2, 29, 409
What are the prime fa